ors of 220731429?
3, 263, 279761
What are the prime factors of 159623263?
401, 398063
What are the prime factors of 425641788?
2, 3, 11, 13, 89, 929
What are the prime factors of 784880823?
3, 19, 2953, 4663
List the prime factors of 729112783.
7, 19, 288529
List the prime factors of 259118902.
2, 7, 71, 73, 3571
What are the prime factors of 442516169?
593, 746233
List the prime factors of 278298711.
3, 139, 222461
List the prime factors of 189354938.
2, 1327, 71347
What are the prime factors of 77967652?
2, 7, 1567, 1777
List the prime factors of 4555480561.
4555480561
List the prime factors of 1505031217.
1505031217
List the prime factors of 66090508.
2, 11, 1502057
What are the prime factors of 888918415?
5, 7, 11, 1481, 1559
List the prime factors of 7097489035.
5, 7, 13, 17, 47, 2789
List the prime factors of 1051057407.
3, 181, 757, 2557
List the prime factors of 1444779927.
3, 701, 229003
What are the prime factors of 6023209645?
5, 53, 22729093
List the prime factors of 20717431.
7, 2959633
What are the prime factors of 980719?
980719
List the prime factors of 2575388363.
2575388363
List the prime factors of 23848413.
3, 311, 25561
What are the prime factors of 84064371?
3, 17, 97, 16993
List the prime factors of 1704058908.
2, 3, 29, 4896721
What are the prime factors of 692418491?
6263, 110557
What are the prime factors of 12007057?
61, 196837
List the prime factors of 1310650498.
2, 16519, 39671
List the prime factors of 6149923.
13, 467, 1013
List the prime factors of 4129226604.
2, 3, 19, 41, 73, 2017
What are the prime factors of 104977375?
5, 19, 44201
List the prime factors of 57624766.
2, 28812383
List the prime factors of 71687483.
7, 10241069
What are the prime factors of 160447341?
3, 79, 676993
List the prime factors of 331068069.
3, 233, 157877
What are the prime factors of 1772702843?
1772702843
List the prime factors of 8161508747.
7, 43, 103, 37607
List the prime factors of 186573913.
4871, 38303
What are the prime factors of 2559121000?
2, 5, 2559121
List the prime factors of 124747339.
109, 613, 1867
What are the prime factors of 2008004730?
2, 3, 5, 66933491
List the prime factors of 569626587.
3, 139, 50593
List the prime factors of 68861968.
2, 7, 17, 59, 613
List the prime factors of 28607261.
313, 91397
What are the prime factors of 10437350?
2, 5, 7, 11, 2711
List the prime factors of 5039881516.
2, 1259970379
List the prime factors of 29265359.
29265359
What are the prime factors of 14650613?
179, 81847
What are the prime factors of 1362240533?
31, 907, 48449
List the prime factors of 3208192935.
3, 5, 213879529
What are the prime factors of 206244621?
3, 11, 189389
What are the prime factors of 5385722563?
13, 414286351
List the prime factors of 745127992.
2, 7, 59, 225523
What are the prime factors of 14752659?
3, 1471, 3343
What are the prime factors of 62237596?
2, 29, 536531
List the prime factors of 25385208.
2, 3, 29, 36473
List the prime factors of 1325886476.
2, 331471619
What are the prime factors of 29446374?
2, 3, 4907729
List the prime factors of 91940895.
3, 5, 1319, 1549
List the prime factors of 951722603.
13, 73209431
List the prime factors of 140275518.
2, 3, 19, 163, 7549
List the prime factors of 1447037017.
19, 76159843
What are the prime factors of 193945351?
43, 101, 44657
List the prime factors of 222841252.
2, 55710313
What are the prime factors of 161604591?
3, 71, 758707
List the prime factors of 261282509.
19, 1193, 11527
What are the prime factors of 433791622?
2, 11, 19, 641, 1619
What are the prime factors of 4312472717?
7, 616067531
What are the prime factors of 141337122?
2, 3, 31, 61, 12457
List the prime factors of 1215256900.
2, 5, 11, 13, 17, 4999
List the prime factors of 258615904.
2, 8081747
What are the prime factors of 96452144?
2, 29, 97, 2143
What are the prime factors of 34624206?
2, 3, 17, 37717
What are the prime factors of 299738435?
5, 59947687
What are the prime factors of 2555790015?
3, 5, 23, 7408087
List the prime factors of 1100992300.
2, 5, 89, 123707
What are the prime factors of 3954045417?
3, 7, 188287877
List the prime factors of 39771658.
2, 313, 63533
What are the prime factors of 2061283752?
2, 3, 11, 83, 31357
What are the prime factors of 83538123?
3, 53, 525397
What are the prime factors of 308558400?
2, 3, 5, 64283
What are the prime factors of 104550133?
29, 1867, 1931
List the prime factors of 235567073.
7, 19, 331, 5351
What are the prime factors of 56037174?
2, 3, 617, 15137
What are the prime factors of 368392604?
2, 92098151
What are the prime factors of 10418116?
2, 2604529
List the prime factors of 3256356508.
2, 814089127
What are the prime factors of 606898651?
10859, 55889
List the prime factors of 2451796531.
2411, 1016921
List the prime factors of 5794646081.
7, 827806583
List the prime factors of 278218570.
2, 5, 7, 567793
What are the prime factors of 2038817091?
3, 53, 61, 210209
List the prime factors of 108958628.
2, 157, 173501
What are the prime factors of 340989969?
3, 53, 59, 163, 223
What are the prime factors of 343968265?
5, 68793653
What are the prime factors of 6788432042?
2, 7, 4999, 96997
What are the prime factors of 37322438?
2, 197, 94727
List the prime factors of 766203123.
3, 7, 797, 45779
List the prime factors of 4290040822.
2, 23, 41, 98899
List the prime factors of 136073610.
2, 3, 5, 17, 88937
List the prime factors of 257602439.
257602439
What are the prime factors of 445106494?
2, 7, 31, 146513
List the prime factors of 92939676.
2, 3, 547, 14159
What are the prime factors of 1333758244?
2, 7, 13, 74779
What are the prime factors of 67916651?
11, 43, 139, 1033
What are the prime factors of 317915715?
3, 5, 13, 263, 6199
List the prime factors of 155830602.
2, 3, 17, 457, 3343
What are the prime factors of 145232929?
9859, 14731
List the prime factors of 61096118.
2, 30548059
What are the prime factors of 49979391?
3, 7, 11, 23, 409
What are the prime factors of 624051931?
701, 890231
What are the prime factors of 2438709?
3, 7, 13, 8933
What are the prime factors of 6410158572?
2, 3, 197, 2711573
List the prime factors of 2049268676.
2, 7, 13, 5629859
What are the prime factors of 41129080?
2, 5, 379, 2713
What are the prime factors of 2115862699?
2115862699
List the prime factors of 129701021.
29, 37, 120877
What are the prime factors of 3058316703?
3, 13, 19, 151, 3037
List the prime factors of 44374503.
3, 71, 181, 1151
List the prime factors of 4141185870.
2, 3, 5, 138039529
List the prime factors of 38577445.
5, 59, 251, 521
List the prime factors of 67164988.
2, 11, 709, 2153
What are the prime factors of 4866598805?
5, 761, 1279001
List the prime factors of 1606448152.
2, 103, 1949573
What are the prime factors of 478707079?
47, 10185257
List the prime factors of 1466428066.
2, 23, 31878871
List the prime factors of 199445156.
2, 17, 41, 71537
List the prime factors of 2832189301.
2832189301
What are the prime factors of 382130693?
7, 1039, 52541
List the prime factors of 297974869.
297974869
What are the prime factors of 170786580?
2, 3, 5, 61, 46663
What are the prime factors of 379198610?
2, 5, 7, 5417123
List the prime factors of 303715728.
2, 3, 1069, 1973
What are the prime factors of 5018559856?
2, 6011, 52181
List the prime factors of 547372278.
2, 3, 373, 81527
What are the prime factors of 28896067?
79, 365773
What are the prime factors of 295375806?
2, 3, 11, 1491797
What are the prime factors of 100633669?
100633669
What are the prime factors of 5903831917?
149, 39623033
What are the prime factors of 249587873?
109, 1123, 2039
What are the prime factors of 33079632?
2, 3, 53, 13003
List the prime factors of 25559506.
2, 7, 1825679
List the prime factors of 192160345.
5, 13, 59, 89, 563
What are the prime factors of 615165815?
5, 11, 569, 1787
List the prime factors of 177570088.
2, 199, 111539
List the prime factors of 1756922992.
2, 11, 9982517
What are the prime factors of 2547637?
17, 149861
What are the prime factors of 766102430?
2, 5, 76610243
List the prime factors of 168431345.
5, 33686269
What are the prime factors of 2383877036?
2, 47, 53, 419, 571
What are the prime factors of 662238043?
17, 317, 122887
What are the prime factors of 203952345?
3, 5, 887, 15329
What are 